se 6, what is 1551 + 12214?
14205
In base 8, what is -1015445767 - 0?
-1015445767
In base 2, what is 111110111110001100 - 11101?
111110111101101111
In base 6, what is -244333 - -4532?
-235401
In base 12, what is -221020047 + -2?
-221020049
In base 14, what is -18d4 - -3d428?
3b934
In base 11, what is 8 - -2817190?
2817198
In base 11, what is 2a4 - 42872?
-42579
In base 7, what is -2101010603 + 3?
-2101010600
In base 12, what is 6084b - -369?
60bb8
In base 12, what is -3 + -15726b54?
-15726b57
In base 7, what is 62 - 62234?
-62142
In base 6, what is 51 + -1425143?
-1425052
In base 12, what is 5239 + -8020?
-29a3
In base 5, what is -421 - 1212413?
-1213334
In base 7, what is -264662 - -2?
-264660
In base 5, what is -2 + -23100312033?
-23100312040
In base 16, what is -f17d92 + -3?
-f17d95
In base 2, what is 1001011010100 - -11001011111001?
100010111001101
In base 6, what is 2223305142 + 10?
2223305152
In base 5, what is 331102331332 + 21?
331102331403
In base 9, what is 23488 + 2414?
26013
In base 12, what is -14675 + -a8?
-14761
In base 14, what is 23445 + 16c?
235b3
In base 2, what is 10 - 1110110001100111100?
-1110110001100111010
In base 13, what is -8 - -223921?
223916
In base 4, what is -1131312222 + -13?
-1131312301
In base 14, what is -13 + -dc4bcc?
-dc4c01
In base 9, what is -127034 - 1671?
-128715
In base 7, what is 5425104 - 3?
5425101
In base 13, what is c8 - -20c21?
21019
In base 11, what is -278330 + 25?
-278306
In base 10, what is -140 - 1896397?
-1896537
In base 7, what is -33610245 + -26?
-33610304
In base 5, what is -12104114214 + -2?
-12104114221
In base 2, what is -10111001001000111110010 + 1101?
-10111001001000111100101
In base 7, what is 26 - -6145135?
6145164
In base 7, what is -251413 - -15002?
-233411
In base 12, what is -39 - 1134?
-1171
In base 15, what is 4827d7 + -95?
482742
In base 11, what is 2 - -183a339?
183a340
In base 11, what is 34 - 78a47a?
-78a446
In base 4, what is 0 - 31223223333?
-31223223333
In base 12, what is 49a8791 + 5?
49a8796
In base 13, what is 94 - -50826?
508ba
In base 3, what is -2211222112 - -220?
-2211221122
In base 5, what is -10 + -21220411130?
-21220411140
In base 6, what is 100404 + 41414?
142222
In base 6, what is -2413550 - 105?
-2414055
In base 7, what is 4353 - -250612?
255265
In base 11, what is -1 - 5562782a?
-55627830
In base 16, what is -ed + -7ca4?
-7d91
In base 4, what is 130123023 + 2232?
130131321
In base 8, what is -205501 + 51410?
-134071
In base 10, what is 3 - -141002001?
141002004
In base 7, what is -56031 - -42413?
-13315
In base 10, what is -5 + 31230743?
31230738
In base 12, what is -5865 + 1431?
-4434
In base 4, what is 130310013032 + 3?
130310013101
In base 5, what is -432222 + 431300?
-422
In base 9, what is -306220 - 6488?
-313718
In base 11, what is 11 + 382a58?
382a69
In base 13, what is -165b1b + 1?
-165b1a
In base 13, what is 2 - 59c574?
-59c572
In base 15, what is -66 + 259470?
259409
In base 8, what is 3036367 - -5?
3036374
In base 12, what is 96697 - -137?
96812
In base 16, what is 30f5da - b3?
30f527
In base 16, what is 14e - 2367?
-2219
In base 12, what is 3 - -286a37a?
286a381
In base 12, what is -6 - -83001a0?
8300196
In base 2, what is -101000000011 - -1011101000101?
110101000010
In base 14, what is -90b - 39d?
-caa
In base 2, what is 101100 + 1100110110101011110?
1100110110110001010
In base 5, what is -14223014 - -13044?
-14204420
In base 3, what is 1212001110 + -21020?
1211210020
In base 10, what is 27864 - 6012?
21852
In base 13, what is b27 - 1033b5?
-10258b
In base 4, what is -10 + 12212220320112?
12212220320102
In base 3, what is -1100201001 + 2202110?
-1020221121
In base 5, what is -4021 + 210414?
201343
In base 9, what is -48 - 240144?
-240203
In base 14, what is -1 + -27b95c8?
-27b95c9
In base 14, what is 4a608cd - 4?
4a608c9
In base 11, what is 444462 + 212?
444674
In base 6, what is 1115542 + -220?
1115322
In base 11, what is 220 - 93a6?
-9186
In base 6, what is -301 - -1433344?
1433043
In base 10, what is 286 - -182371?
182657
In base 15, what is -24 - 19639?
-1965d
In base 10, what is -1627 + -2072?
-3699
In base 13, what is -1 + 314b861?
314b860
In base 14, what is -3 - -213944?
213941
In base 12, what is -15 + 466a0?
46687
In base 11, what is -7 - -9116a?
91163
In base 9, what is -61 + 33257431?
33257360
In base 7, what is 321 + -3245230?
-3244606
In base 8, what is -62460756 + 4?
-62460752
In base 15, what is -18d + -234d2?
-23670
In base 4, what is -132302211010 - -33?
-132302210311
In base 16, what is 2da + -27c2b?
-27951
In base 5, what is -304121000 - -3?
-304120442
In base 10, what is -5 + 60810089?
60810084
In base 2, what is 111100100001001 + 11111001010101?
1011011101011110
In base 3, what is 12100121 + -2001010?
10022111
In base 14, what is -5b - 4332?
-438d
In base 4, what is 1000132113 - 322?
1000131131
In base 7, what is 20651414 - 51?
20651333
In base 2, what is -10011100 - -10000100?
-11000
In base 9, what is -12 - -41460552?
41460540
In base 14, what is -14 + 1343?
132d
In base 10, what is 38659458 - -3?
38659461
In base 12, what is -67 - 923a6?
-92451
In base 4, what is -102031311 + -1203?
-102033120
In base 2, what is -10000101 - 11000010111101111100?
-11000011000000000001
In base 15, what is 8d + 7b2b?
7bb9
In base 6, what is -1254511423 - 21?
-1254511444
In base 2, what is 101111001001 + 100100011100011?
101010010101100
In base 14, what is a22c + -7a9?
9863
In base 15, what is 12ec + -418c?
-2d90
In base 7, what is 12442 - -534151?
546623
In base 6, what is -3032 - -34524?
31452
In base 14, what is 42 - 15ca795?
-15ca753
In base 16, what is -3ab5 + -e6e?
-4923
In base 12, what is -11094969 + 2?
-11094967
In base 15, what is 40d - -3e4?
802
In base 10, what is 21878 - 3953?
17925
In base 13, what is 5 - -a2b28c?
a2b294
In base 12, what is 8062 + b65?
9007
In base 5, what is -14333422314 + 11?
-14333422303
In base 16, what is 134e1f6 + -4?
134e1f2
In base 8, what is -14 - -7053702?
7053666
In base 10, what is -5 + -66948783?
-66948788
In base 7, what is 1016113 + 22?
1016135
In base 12, what is 121b057 - 170?
121aaa7
In base 9, what is -1 - -136531825?
136531824
In base 2, what is -10 - -100010101110100111011110100?
100010101110100111011110010
In base 11, what is 29892999 - 2?
29892997
In base 12, what is -89373 - 43?
-893b6
In base 13, what is -3b65a76 - 8?
-3b65a81
In base 12, what is 3 - -10a21798?
10a2179b
In base 5, what is -10244130430 - 4?
-10244130434
In base 8, what is 13567 + -7562?
4005
In base 13, what is c729744 + 6?
c72974a
In base 6, what is -113001 - 30412?
-143413
In base 14, what is -2a8d20 - -9?
-2a8d15
In base 8, what is 6 - 21600400?
-21600372
In base 9, what is -240035 - 140?
-240175
In base 11, what is -12 + 2525aa96?
2525aa84
In base 12, what is -138 - -691?
555
In base 12, what is 2 - 4a82337?
-4a82335
In base 10, what is -3 - 2031138?
-2031141
In base 14, what is -5 + -1570c9a?
-1570ca1
In base 3, what is -1220202201211222 - -22?
-1220202201211200
In base 11, what is -1901586 + -5?
-1901590
In base 12, what is -1b8bb738 - -4?
-1b8bb734
In base 4, what is -10300112310032 + -12?
-10300112310110
In base 10, what is 2 + 586754?
586756
In base 3, what is 121102 - 1201112110101?
-1201111211222
In base 15, what is 4 + -613d7a?
-613d76
In base 7, what is -2 + 11523041555?
11523041553
In base 10, what is -307 - -261144?
260837
In base 10, what is -23 + 16469208?
16469185
In base 4, what is -2 - -30010330120?
30010330112
In base 16, what is 5e + ed9a3?
eda01
In base 2, what is 101 - -11011110010101000000111?
11011110010101000001100
In base 3, what is 2 + 212020011220010122?
212020011220010201
In base 16, what is 31b59b + -10?
31b58b
In base 2, what is -10000111011001001000 - -1011001?
-10000111010111101111
In base 5, what is 14324223 - 203?
14324020
In base 10, what is -2515 - 86782?
-89297
In base 2, what is -1011 - 1000101110101111010101?
-1000101110101111100000
In base 5, what is -401034 + -4134323?
-10040412
In base 13, what is -216256 - -52?
-216204
In base 10, what is -4 + 4887480?
4887476
In base 14, what is -42d9 + -cd?
-43c8
In base 5, what is 2334240132 - -41?
2334240223
In base 12, what is -431b - 5350?
-966b
In base 3, what is -1010210 - 10102100?
-11120010
In base 13, what is 15b38312 - -2